. What is the hundreds digit of u?
3
Suppose -3*g - 795 = -5*y, -5*g = 3*y - 8*g - 477. Let k = y - 106. What is the tens digit of k?
5
Let l = -170 + 314. Suppose 137*s = l*s - 3318. What is the tens digit of s?
7
Let f = 1820 + -520. Let v = -773 + f. What is the units digit of v?
7
Suppose 5*l - 127 = 183. Suppose l*j = 61*j + 195. What is the tens digit of j?
9
Suppose -8*z - 6189 = -15*z + 3485. What is the tens digit of z?
8
Let v = -46 - -53. Suppose -v*j + 180 + 289 = 0. What is the units digit of j?
7
Let u(o) = 2*o**2 - 19*o + 25. Let q be u(11). Suppose -q*w = -56*w - 636. What is the units digit of w?
8
Suppose -28*h + 1164 = -68. What is the tens digit of ((-253)/h)/((-1)/124*1)?
1
Suppose z - 5*m = 8490, 4*m - 27550 = -4*z + 6266. What is the hundreds digit of z?
4
Suppose 27*m - 101570 = 22*m + 5*a, 21 = 3*a. What is the thousands digit of m?
0
Let m(t) = -47*t + 1. Let x(c) = c + 22. Let b be x(-18). Suppose 4*q + 0*q + 5*v = -24, -b*v = -5*q + 11. What is the units digit of m(q)?
8
Let r(m) = -m**3 - m**2 + 5*m + 2. Let h be r(4). Let y = h - -154. Suppose 2*n - y - 198 = 0. What is the tens digit of n?
4
Suppose -51*a + 187688 + 319711 = 0. What is the thousands digit of a?
9
Let k(q) = 23*q**2 - 17*q - 245. What is the tens digit of k(-16)?
1
Let d be 51/(-68) + 330/(-8). Let c = d - -48. What is the units digit of ((-4)/c)/((-26)/195)?
5
Suppose 10*x = -2*x - 96. Let a be (-1 - (-109)/(-3))*36/x. Suppose 0 = -2*v - 0*v + a. What is the tens digit of v?
8
Let h(n) = -n**3 + 3*n**2 + n + 10. Let k be h(4). Let i(x) = -23*x - 15. Let l be i(k). Suppose -14*d + l + 11 = 0. What is the units digit of d?
3
Let i = 244 - 238. What is the units digit of (1737/3)/(9/i)?
6
Suppose 4*f = -3*v - 1030, 441 = 3*v - 4*f + 1487. Suppose 246 = -4*t + 3*t. Let j = t - v. What is the units digit of j?
0
Let j = -7583 - -17854. What is the ten thousands digit of j?
1
Suppose y + 5 = 7. Let r be 1 + y - (2 - 3). Suppose 423 = 3*x - 3*z, -r*z + 103 + 161 = 2*x. What is the units digit of x?
8
Let p be (-6)/2 - (-16)/2. Suppose 3*z = -w + p, -2*z + 4*w - w - 15 = 0. Suppose z = 10*v - 870 + 120. What is the units digit of v?
5
Suppose 7*x = 9*x + a - 14, -5*a - 5 = -5*x. Suppose -x*f = -552 - 273. What is the tens digit of f?
6
Let n = 12503 + -7082. What is the thousands digit of n?
5
Let y(q) be the first derivative of -65*q**2 - 173*q - 81. What is the tens digit of y(-4)?
4
Let a(h) = h + 16. Let d(n) = 4*n + 30. Let y be d(-11). Let z be a(y). Suppose z*t - u - 207 = -t, -5*u - 207 = -3*t. What is the units digit of t?
9
Suppose -68 = 4*v + v + m, 60 = -4*v + 2*m. Let r(o) = -3*o - 39. Let w(s) = 21*s + 280. Let u(q) = 30*r(q) + 4*w(q). What is the units digit of u(v)?
4
Suppose 2*f + 19 - 1 = 3*w, 2*w + 5*f + 7 = 0. Suppose 5*x + w*k - 2844 = 0, k + 225 = x - 351. What is the units digit of x?
2
Let v be ((-150)/(-9))/(0 + (-4)/(-6)). Let x = v - 22. What is the tens digit of x/(33/2) + (-9756)/(-66)?
4
Suppose -s - 4*s + 580 = 0. Let g be -26*((5 - 2) + 9/(-2)). Let w = s - g. What is the units digit of w?
7
Suppose 3*h + 13194 + 7132 = 2*u, 0 = -u - 4*h + 10152. What is the tens digit of u?
6
Suppose 2*s - 4*m - 8 = 0, 3*s - 7*s = -4*m. Let q be (202/s)/(-1 + (-27)/(-30)). Suppose 303 = 3*k - 4*t, 5*k + 4*t = 3*t + q. What is the units digit of k?
1
Let t(o) = -2*o - 3. Let f be t(-8). Let l(r) = -r - 3. Let v(i) = -2*i - 7. Let s(d) = -14*l(d) + 6*v(d). What is the tens digit of s(f)?
2
Suppose -3*j + 7*j = -12, 4*j = -5*s + 5388. Suppose -2*m = 2*x - 4*x - s, 0 = 5*m + 2*x - 2700. What is the hundreds digit of m?
5
Suppose 9*c = -0*c + 1872. Let r = 570 - c. What is the tens digit of r?
6
Let y(r) be the second derivative of 37*r**6/360 - r**4/24 - 2*r**3/3 + 7*r. Let j(o) be the second derivative of y(o). What is the tens digit of j(1)?
3
Suppose 3*x + 27 = -6*x. Let g be x/((-1)/(-262)*-3). Let k = g + -183. What is the tens digit of k?
7
Suppose -2*r = 4*c - 100, -5*r + c - 88 = -294. Suppose 0*i = 3*i - r. Let t = 16 - i. What is the units digit of t?
2
What is the thousands digit of 4/(-6) + (-33)/(-9) - (-1204 + -371)?
1
Let y be ((-4)/3 - -1) + (-4632)/36. Let t = y - -241. Let n = t + 34. What is the hundreds digit of n?
1
Let i(r) = -4*r**3 + 3*r**2 - 5*r + 6. Let z be 10/(-4)*60/(-50). Let p be i(z). What is the units digit of 40*9/(p/(-4))?
6
Let t(y) = -10*y**3. Let k = 21 + -20. Let p be t(k). What is the units digit of (-3)/15 - (4 - (-92)/p)?
5
Suppose 99010 = 31*m - 81390 - 74668. What is the hundreds digit of m?
2
Suppose -d = 0, -5*i - 2*d + 133 = -152. Let r = 50 - i. Let b(o) = 2*o**2 - 3*o + 22. What is the hundreds digit of b(r)?
1
Suppose 31150 = -0*u - 25*u. What is the units digit of (6/(-7))/(2/u)?
4
Suppose -j = c - 1367, -2*j = -5*c - 2761 + 9610. What is the hundreds digit of c?
3
Suppose -16*z + 18 = -14. Suppose 3*c = -0*l + l + 424, 0 = z*c + 5*l - 294. What is the tens digit of c?
4
Let f(a) = -a - 16. Let i = 1 + -14. Let y be f(i). Let k(l) = -4*l**3 - 4*l**2 - l - 5. What is the tens digit of k(y)?
7
Let c be (-6)/9 + (-18907)/219. Let k be (81/(-6))/(-3)*-14. Let i = k - c. What is the tens digit of i?
2
Let w(k) = -60*k - 10. Let p be w(3). Let l = p + 279. What is the tens digit of l?
8
Let y be (2*(-255)/40)/(1/52). Let h = 1505 + y. What is the hundreds digit of h?
8
Suppose -805*g + 817*g = 644136. What is the units digit of g?
8
Let z(l) = -8*l**2 + 4*l - 10. Let h be z(2). Let g = h + 59. Suppose -29*f + 196 = -g*f. What is the tens digit of f?
4
Suppose n + 2*b - 76356 = 0, -305385 = -4*n - 4249*b + 4254*b. What is the tens digit of n?
5
Let y(j) = 2*j + 11. Let c be y(-6). Let t be -3 + (-85)/(-30) - c/6. Suppose 3*a - 390 + 54 = t. What is the units digit of a?
2
Suppose 186261 = 4*h - 7*t + 4*t, -139673 = -3*h - t. What is the ten thousands digit of h?
4
What is the thousands digit of (-30)/(-105) + (-345920)/(-70)?
4
Suppose p + 7*c - 2*c = 24, 2*c + 89 = 3*p. Let h = p + -26. Let n = 21 + h. What is the tens digit of n?
2
Let f(g) = 4*g - 50. Let h be f(18). Suppose -k + 97 = h. What is the tens digit of k?
7
Let f = -1347 - -509. What is the hundreds digit of 23/((-1150)/(-20)) + f/(-5)?
1
Suppose 19*m + 2 = 59. Suppose -u - m*b = -463, 1539 = 3*u - 4*b + 215. What is the tens digit of u?
4
Let j(n) = n**2 + 4*n**2 + 88 - 88. What is the units digit of j(4)?
0
Let x = -133 - -131. What is the units digit of ((-140)/20)/(x/8)?
8
Let a be 0 + 0 - -2 - (-39 + -28). Let q = a + -61. Suppose q + 5 = g - 2*v, 0 = 4*v - 16. What is the tens digit of g?
2
Suppose -4*r - 1252*m + 31486 = -1247*m, -r + m + 7867 = 0. What is the tens digit of r?
6
Suppose -8*a + 6*a = 2*h - 107902, 2*h + a = 107900. What is the ten thousands digit of h?
5
Suppose 50 + 4 = 27*m. Suppose 0 = m*h - 5*g + 6*g - 895, -4*h = -g - 1799. What is the units digit of h?
9
Suppose -13 + 12 = -f. Let b(i) = 175*i**3 - i + 1. What is the tens digit of b(f)?
7
Let g(y) = -y**3 - 11*y**2 + 10*y - 21. Let m be g(-12). Suppose -l = -2*l + 3*w + 478, -1444 = -m*l - w. What is the tens digit of l?
8
Suppose -5*b = 29 + 1, f + 10*b = 12854. What is the thousands digit of f?
2
Suppose -15*n + 18*n = 5*g + 64094, 64064 = 3*n - 11*g. What is the ten thousands digit of n?
2
Suppose -2216121 - 1929499 = -127*q + 3267624. What is the tens digit of q?
7
Let i(w) = 115*w**2 - 2*w + 1. Let u(y) = -5*y + 14. Let r be u(2). Suppose 2 = r*z + 6. What is the tens digit of i(z)?
1
Let b = -534 - -70. Let o = -280 - b. What is the tens digit of o?
8
Suppose -4*c + 16 = 0, 4*c + 45 = -f + 9*c. What is the tens digit of (30/f)/(10/(-4525))?
4
Let q(t) = 736*t - 1550*t + t**3 + 17 + 9*t**2 + 820*t. Let k(y) = 5*y + 1. Let n be k(-1). What is the tens digit of q(n)?
7
Let g(o) = -87*o**2 + 2*o - 7. Let i be g(-7). Let f = -3016 - i. What is the hundreds digit of f?
2
What is the thousands digit of (66/(-12))/(-11) - (72163/(-14) + 3)?
5
Let q(g) = -34 - 6*g + g - g - 12*g. Let m(p) = 19*p + 35. Let f(h) = -5*m(h) - 6*q(h). What is the units digit of f(9)?
6
Let h(l) = 111*l**3 - l**2 - 2*l. Let s be h(-1). Let a = 88 - s. What is the units digit of a?
8
Suppose -11 = -3*x + 4, x - 165 = -4*q. Suppose -39*n - 646 = -q*n. What is the units digit of n